at is the remainder when 143 is divided by l(3)?
23
Suppose -967 = -4*o + 389. Calculate the remainder when o is divided by 86.
81
Let p(s) = 251*s**3 - 2*s**2 + 4*s - 2. Calculate the remainder when p(1) is divided by 30.
11
Let f = 19 + -15. Suppose -f*o = -25 + 1. What is the remainder when 21 is divided by o?
3
Let u(y) be the first derivative of -y**3/3 + 4*y**2 + 4*y - 9. What is the remainder when 54 is divided by u(7)?
10
Calculate the remainder when ((-471)/(-6) - -1)*684/54 is divided by 16.
15
Let h(a) = 3*a + 37. Let x be h(-9). Calculate the remainder when 28 + -4*2/(-4) is divided by -2*(x/(-4) - 3).
8
Suppose 5 = -s + 19. Suppose 5*p = -2*n + 239, -5*p = -3*p - 2. Let f = n - 90. Calculate the remainder when f is divided by s.
13
Suppose -5*f = -3*o - 112, 3*o - 5*o = -2. Let p = f + 11. Suppose -18*g = -19*g + p. What is the remainder when g is divided by 18?
16
Let q(k) = -35*k - 2. Let z(f) = -f**3 - 3*f + 3. Let s be z(1). Calculate the remainder when q(s) is divided by (-2)/7 + (-172)/(-14).
9
Let x = 98 + -25. Suppose f - 6*f + x = w, -3*f = -2*w - 49. What is the remainder when f is divided by 3?
0
Suppose -68 = -3*g + 7*g. Let r = 43 + g. Let s = r - 16. Calculate the remainder when 28 is divided by s.
8
Suppose -5*z = 2*b + 40 - 142, 4*z = -8. Let f = -7 + 11. Suppose f*g = -h - 5 - 0, 3*h - 5*g - 70 = 0. What is the remainder when b is divided by h?
11
Let i = 242 - 164. What is the remainder when 12/i - 37/(-13) is divided by 3?
0
What is the remainder when (-56)/12*(-1020)/70 is divided by 3?
2
Let n(t) = -2*t**3 + 2*t**2 - 3*t - 8. Let u be n(5). Let j = u + 242. Let b(v) = -19*v - 1. Calculate the remainder when b(-5) is divided by j.
18
Let q be (16/(-10))/((-26)/2015). Suppose q = 4*r - 5*t, -5*r + 0*t - 3*t = -192. What is the remainder when r is divided by 15?
6
Suppose -5*j = -5*a + 5, -5*j + 24 = 5*a - 1. Let l(r) = r**2 - r + 4. Let d be l(-5). Suppose -j*i + d = -144. What is the remainder when i is divided by 23?
20
Suppose -5*j + 812 = 527. What is the remainder when j is divided by 6?
3
Suppose 14*w - 130 - 24 = 0. Calculate the remainder when w is divided by 8.
3
What is the remainder when 31 is divided by 6/(-36) - 5/(150/(-215))?
3
Let m = 172 + -149. Let o = -71 + 158. Calculate the remainder when o is divided by m.
18
Let m = 672 + -468. Suppose m - 68 = 4*s. Calculate the remainder when s is divided by 9.
7
Suppose d = 9*d - 288. What is the remainder when 42 is divided by d?
6
Let t = 35 + -30. Suppose -5*p = -z + 2 + 31, 4*z - t*p = 117. Calculate the remainder when z is divided by 11.
6
Suppose 0 = -3*j + 3 - 6, 0 = 4*q - 5*j - 121. What is the remainder when 723 is divided by q?
27
Let y(m) = 11*m - 96. What is the remainder when y(9) is divided by 2?
1
Calculate the remainder when -11*5*(-66)/165 is divided by 4.
2
What is the remainder when (0 - 20/(-8))*10 is divided by 9?
7
Suppose 4*h - 109 = 3*q - 4*q, 5*q = -4*h + 561. Calculate the remainder when q is divided by (4 + -1)/((-21)/(-266)).
37
Suppose 2*z + 6*z = 3*z. Suppose z = -3*p - 2*m + 11, -p + m + m = -17. Calculate the remainder when 14 is divided by p.
0
What is the remainder when (-7)/(196/21)*1576/(-3) is divided by 50?
44
Suppose 5*f + 5*j = 220, -f + 192 = 3*f - 4*j. Suppose -12 = 3*d + 24. Let i = d - -24. Calculate the remainder when f is divided by i.
10
Suppose 2*l - 11 = -3*j, -11 - 1 = l - 2*j. Calculate the remainder when (-1 + 3 - -33) + l is divided by 9.
6
Let r = -464 + 551. What is the remainder when r is divided by 31?
25
Calculate the remainder when 231 is divided by 3 + (56 - -7) + -8.
57
What is the remainder when (-2304)/(-15) - ((-144)/45)/8 is divided by 5?
4
Suppose 112 = 4*d - x, 56 = 6*d - 4*d - x. What is the remainder when d is divided by 8?
4
Let q(a) = -2*a**2 + 8*a - 5. Let s be q(7). Let j = 61 - s. Calculate the remainder when (2/3)/(8/j) is divided by 6.
3
Suppose 0 = -4*j + 5 + 7. Let d be ((-2)/(-3))/(3 + (-85)/30). Suppose 4*w + l - 3 = 8, -d*l = -4*w - 4. What is the remainder when j is divided by w?
1
Suppose 9*i - 379 = 503. Calculate the remainder when i is divided by 11.
10
Let a = 12 + 30. Let c = 0 + 0. Suppose -u = -c*u - a. Calculate the remainder when u is divided by 11.
9
Let z = -62 - -74. Suppose 0*p - p + 4 = 0. Calculate the remainder when p is divided by 32/z*(-9)/(-12).
0
Let y = -14 - -7. Calculate the remainder when 39 is divided by 2 - (y - (4 + -3)).
9
Let y(k) = k**3 + 4*k**2 + 3*k - 2. Let b be y(-3). Let l(i) = -95*i - 9. Calculate the remainder when l(b) is divided by 61.
59
Let s(h) = 3*h**2 - h - 4. Let p be s(-2). Let b(x) = 3*x**2 - 21*x + 3. What is the remainder when b(p) is divided by 24?
21
Suppose 45*f - 50*f = -150. Calculate the remainder when 267 is divided by f.
27
Suppose 5*m + 2*h = h + 15, 4*m + 4 = -4*h. Suppose 2*z = -k + 52, -4*k + 136 = m*z + z. What is the remainder when 93 is divided by z?
21
Suppose 2*m - c - 341 = -0*c, -c + 499 = 3*m. Calculate the remainder when m is divided by 57.
54
Let n = 905 + -900. What is the remainder when 108 is divided by n?
3
Let m = 175 - 158. Calculate the remainder when 181 is divided by m.
11
Suppose v = -6 + 8. Suppose 6 = -3*j, 0 = 5*d + 5*j - v*j - 34. What is the remainder when 26 is divided by ((-105)/28)/((-2)/d)?
11
Suppose 2*o - 468 = 3*a - 646, -a - 3*o = -74. Let c(x) = x**3 - 7*x**2 + 8. What is the remainder when a is divided by c(7)?
6
Suppose -37*r = -p - 39*r + 20, -3*p + 4*r + 50 = 0. What is the remainder when 47 is divided by p?
11
Let p be 3*(-3)/(-18)*12. Let w be (p/(-7) - 0)*-7. Suppose -u - 55 = -w*u. Calculate the remainder when 20 is divided by u.
9
Let z(r) = r**2 - 65*r + 99. What is the remainder when z(65) is divided by 35?
29
What is the remainder when 0 + (-6)/(-18) + (-5718)/(-18) is divided by 32?
30
Let r(s) = 3*s**2 - 28*s - 65. Calculate the remainder when r(14) is divided by 11.
10
Let h be ((-15)/(-4))/(204/(-32) - -6). Calculate the remainder when 36 is divided by (-136)/h + (-24)/40.
10
Let a = -12 - -16. Calculate the remainder when 11 is divided by a + -1 + 6 + -5.
3
Let w = -107 + 247. What is the remainder when w is divided by 25?
15
Let t = -392 - -409. Calculate the remainder when 19 is divided by t.
2
Suppose 0 = -2*x - 9*x + 396. What is the remainder when 465 is divided by x?
33
Let k be -14*(4/1)/(-4). Suppose -k = -d - 23. Let c = 28 + d. What is the remainder when c is divided by 5?
4
Let u(t) = -2*t**2 + 34*t - 10. What is the remainder when 177 is divided by u(14)?
29
Let l(z) = -z**3 + 4*z**2 - 4*z + 6. Let p be l(4). Let t(j) = -3*j + 25. Calculate the remainder when t(p) is divided by 8.
7
Suppose 3*y = 28 - 1. Calculate the remainder when 14 is divided by 11 - y - (-2)/2.
2
Suppose 0 = 7*i + 24 - 283. What is the remainder when 183 is divided by i?
35
Suppose 5*z = 4*f - 704, 5*f + 3*z - 353 - 527 = 0. Calculate the remainder when f is divided by 18.
14
Let l(n) = 2*n - 35. Let w be l(0). Let t be (77/w)/(2/(-10)). Suppose 0 = 4*k + 4*h - 2*h - 56, -2*h = k - t. Calculate the remainder when 27 is divided by k.
12
Let v(i) = 5*i**2 + 4*i - 4. Let h = -29 - -23. Calculate the remainder when (88/(-6))/(2/h) is divided by v(2).
20
Let f(k) = k**3 + 8*k**2 - 5*k - 1. Let p = 31 - 44. Let h = p - -5. What is the remainder when f(h) is divided by 14?
11
Let i = -99 - -197. Let h = 58 + -33. Calculate the remainder when i is divided by h.
23
Suppose 6 = 2*d, -3*d = -197*b + 196*b + 17. What is the remainder when 754/6 + 3/9 is divided by b?
22
Suppose 1094*j - 1095*j = -68. What is the remainder when 124 is divided by j?
56
Let f(b) = -b**3 - 13*b**2 - 11*b + 23. Let y be f(-12). Let n be -3*4/(-18)*-3. Let g = y + n. Calculate the remainder when 16 is divided by g.
7
Let z(f) = 4*f**2 + 11*f + 75. Calculate the remainder when 271 is divided by z(-4).
81
Let z(s) = -s + 4. What is the remainder when 5/(-10)*(-5)/(5/58) is divided by z(0)?
1
Let i = 845 + -2170. Let u be 2/(-4) + i/(-10). Suppose -2*b + u = 5*g - 93, -2*g = b - 90. What is the remainder when g is divided by 24?
21
Suppose t - 6*t = -5*r - 100, -53 = -4*t - 5*r. Let h = 3547 + -3534. Calculate the remainder when t is divided by h.
4
Let d = 132 + -32. Let p = d + -92. Calculate the remainder wh